{"id":760,"date":"2018-08-29T17:18:58","date_gmt":"2018-08-29T20:18:58","guid":{"rendered":"https:\/\/isfdyt124-bue.infd.edu.ar\/sitio\/propuesta-academica\/"},"modified":"2024-04-09T22:16:38","modified_gmt":"2024-04-10T01:16:38","slug":"propuesta-academica","status":"publish","type":"page","link":"https:\/\/isfdyt124-bue.infd.edu.ar\/sitio\/propuesta-academica\/","title":{"rendered":"Propuesta Acad\u00e9mica"},"content":{"rendered":"<p><strong><span style=\"font-size: 12pt; font-family: arial, helvetica, sans-serif;\">Formaci\u00f3n Docente<\/span><\/strong><\/p>\n<p style=\"text-align: justify;\"><span style=\"font-size: 10pt; font-family: arial, helvetica, sans-serif;\">La formaci\u00f3n docente tiene la finalidad de preparar profesionales capaces de ense\u00f1ar, generar y transmitir los conocimientos y valores necesarios para la formaci\u00f3n integral de las personas, el desarrollo nacional y la construcci\u00f3n de una sociedad m\u00e1s justa. Promover\u00e1 la construcci\u00f3n de una identidad docente basada en la autonom\u00eda profesional, el v\u00ednculo con la cultura y la sociedad contempor\u00e1nea, el trabajo en equipo, el compromiso con la igualdad y la confianza en las posibilidades de aprendizaje de los\/as alumnos\/as. (Art. 71, Ley 26.206)<\/span><\/p>\n<table style=\"height: 302px;\" width=\"716\">\n<tbody>\n<tr>\n<td style=\"text-align: center;\" width=\"189\"><span style=\"color: #0000ff;\"><strong>CARRERAS<\/strong><\/span><\/td>\n<td style=\"text-align: center;\" width=\"189\"><span style=\"color: #0000ff;\"><strong>COHORTES<\/strong><\/span><\/td>\n<td style=\"text-align: center;\" width=\"189\"><span style=\"color: #0000ff;\"><strong>CICLO 2021<\/strong><\/span><\/td>\n<\/tr>\n<tr>\n<td style=\"text-align: center;\" width=\"189\"><span style=\"color: #000000;\"><strong>Profesorado de Educaci\u00f3n Primaria<\/strong><\/span><\/td>\n<td style=\"text-align: center;\" width=\"189\"><span style=\"color: #000000;\">2009-2024<\/span><\/td>\n<td style=\"text-align: center;\" width=\"189\"><span style=\"color: #008000;\">En curso 1\u00b0, 2\u00b0, 3\u00b0 y 4\u00b0 a\u00f1o<\/span><\/td>\n<\/tr>\n<tr>\n<td style=\"text-align: center;\" width=\"189\"><span style=\"color: #000000;\"><strong>Profesorado de Educaci\u00f3n Inicial<\/strong><\/span><\/td>\n<td style=\"text-align: center;\" width=\"189\"><span style=\"color: #000000;\">2008-2020<\/span><\/p>\n<p>2024<\/td>\n<td style=\"text-align: center;\" width=\"189\"><span style=\"color: #008000;\">En curso 1\u00b0 a\u00f1o<\/span><\/td>\n<\/tr>\n<tr>\n<td style=\"text-align: center;\" width=\"189\"><span style=\"color: #000000;\"><strong>Profesorado de Educaci\u00f3n Especial<\/strong><\/span><\/td>\n<td style=\"text-align: center;\" width=\"189\"><span style=\"color: #000000;\">2021-2023<\/span><\/td>\n<td style=\"text-align: center;\" width=\"189\"><span style=\"color: #008000;\">En curso 2\u00b0, 3\u00b0 y 4\u00b0 a\u00f1o<\/span><\/td>\n<\/tr>\n<\/tbody>\n<\/table>\n<p><strong><span style=\"font-size: 12pt; font-family: arial, helvetica, sans-serif;\">Dise\u00f1os Curriculares vigentes<\/span><\/strong><\/p>\n<ul>\n<li><a href=\"http:\/\/servicios.abc.gov.ar\/lainstitucion\/organismos\/consejogeneral\/disenioscurriculares\/documentosdescarga\/dcurricularsuperior.pdf\"><span style=\"color: #000080;\">PROFESORADO DE EDUCACI\u00d3N INICIAL (a partir de la p\u00e1gina 41)<\/span><\/a><\/li>\n<li><span style=\"color: #000080;\"><a style=\"color: #000080;\" href=\"http:\/\/servicios.abc.gov.ar\/lainstitucion\/organismos\/consejogeneral\/disenioscurriculares\/documentosdescarga\/dcurricularsuperior.pdf\">PROFESORADO DE EDUCACI\u00d3N PRIMARIA (a partir de la p\u00e1gina 91)<\/a><\/span><\/li>\n<li><span style=\"color: #000080;\"><a style=\"color: #000080;\" href=\"http:\/\/servicios.abc.gov.ar\/lainstitucion\/organismos\/consejogeneral\/disenioscurriculares\/documentosdescarga\/res1009-09_educ_especial.pdf\">PROFESORADO DE EDUCACI\u00d3N ESPECIAL<\/a><\/span><\/li>\n<\/ul>\n<p><strong><span style=\"font-size: 12pt; font-family: arial, helvetica, sans-serif;\">Formaci\u00f3n T\u00e9cnica<\/span><\/strong><\/p>\n<p><span style=\"font-family: arial, helvetica, sans-serif; font-size: 10pt; text-align: justify;\">La Educaci\u00f3n T\u00e9cnico Profesional en el nivel medio y superior no universitario tiene como prop\u00f3sitos espec\u00edficos:<\/span><\/p>\n<p style=\"text-align: justify;\">\u00a0<span style=\"font-family: arial, helvetica, sans-serif; font-size: 10pt;\">\u00a0a) Formar t\u00e9cnicos medios y t\u00e9cnicos superiores en \u00e1reas ocupacionales espec\u00edficas, cuya complejidad requiera la disposici\u00f3n de competencias profesionales que se desarrollan a trav\u00e9s de procesos sistem\u00e1ticos y prolongados de formaci\u00f3n para generar en las personas capacidades profesionales que son la base de esas competencias.<\/span><\/p>\n<p style=\"text-align: justify;\">\u00a0<span style=\"font-family: arial, helvetica, sans-serif; font-size: 10pt;\">\u00a0b) Contribuir al desarrollo integral de los alumnos y las alumnas, y a proporcionarles condiciones para el crecimiento personal, laboral y comunitario, en el marco de una educaci\u00f3n t\u00e9cnico profesional continua y permanente.<\/span><\/p>\n<p style=\"text-align: justify;\">\u00a0<span style=\"font-family: arial, helvetica, sans-serif; font-size: 10pt;\">\u00a0c) Desarrollar procesos sistem\u00e1ticos de formaci\u00f3n que articulen el estudio y el trabajo, la investigaci\u00f3n y la producci\u00f3n, la complementaci\u00f3n te\u00f3rico- pr\u00e1ctico en la formaci\u00f3n, la formaci\u00f3n ciudadana, la human\u00edstica general y la relacionada con campos profesionales espec\u00edficos.<\/span><\/p>\n<p style=\"text-align: justify;\">\u00a0<span style=\"font-family: arial, helvetica, sans-serif; font-size: 10pt;\">\u00a0d) Desarrollar trayectorias de profesionalizaci\u00f3n que garanticen a los alumnos y alumnas el acceso a una base de capacidades profesionales y saberes que les permita su inserci\u00f3n en el mundo del trabajo, as\u00ed como continuar aprendiendo durante toda su vida.<\/span><\/p>\n<p style=\"text-align: justify;\"><span style=\"font-family: arial, helvetica, sans-serif; font-size: 10pt;\">La formaci\u00f3n profesional tiene como prop\u00f3sitos espec\u00edficos preparar, actualizar y desarrollar las capacidades de las personas para el trabajo, cualquiera sea su situaci\u00f3n educativa inicial, a trav\u00e9s de procesos que aseguren la adquisici\u00f3n de conocimientos cient\u00edfico-tecnol\u00f3gicos y el dominio de las competencias b\u00e1sicas, profesionales y sociales requerido por una o varias ocupaciones definidas en un campo ocupacional amplio, con inserci\u00f3n en el \u00e1mbito econ\u00f3mico-productivo. (Arts. 7 y 8; Ley 26.058)<\/span><\/p>\n<table style=\"height: 435px;\" width=\"739\">\n<tbody>\n<tr>\n<td width=\"189\">\n<p style=\"text-align: center;\"><span style=\"color: #0000ff;\"><strong>CARRERAS<\/strong><\/span><\/p>\n<\/td>\n<td style=\"text-align: center;\" width=\"189\"><span style=\"color: #0000ff;\"><strong>COHORTES<\/strong><\/span><\/td>\n<td style=\"text-align: center;\" width=\"189\"><span style=\"color: #0000ff;\"><strong>CICLO 2019<\/strong><\/span><\/td>\n<\/tr>\n<tr>\n<td width=\"189\">\n<p style=\"text-align: center;\"><span style=\"color: #000000;\"><strong>Tecnicatura Superior en Administraci\u00f3n General<\/strong><\/span><\/p>\n<\/td>\n<td style=\"text-align: center;\" width=\"189\"><span style=\"color: #000000;\">2011-2023<\/span><\/td>\n<td style=\"text-align: center;\" width=\"189\"><span style=\"color: #008000;\">En curso 2\u00b0 y 3\u00b0 a\u00f1o<\/span><\/td>\n<\/tr>\n<tr>\n<td width=\"189\">\n<p style=\"text-align: center;\"><span style=\"color: #000000;\"><strong>Tecnicatura Superior en Enfermer\u00eda<\/strong><\/span><\/p>\n<\/td>\n<td style=\"text-align: center;\" width=\"189\"><span style=\"color: #000000;\">2009-2021<\/span><\/td>\n<td width=\"189\">\n<p style=\"text-align: center;\"><span style=\"color: #008000;\">En curso 1\u00b0, 2\u00b0 y 3\u00b0 a\u00f1o<\/span><\/p>\n<\/td>\n<\/tr>\n<tr>\n<td style=\"text-align: center;\" width=\"189\"><span style=\"color: #000000;\"><strong>Tecnicatura Superior en Acompa\u00f1amiento Terap\u00e9utico<\/strong><\/span><\/td>\n<td style=\"text-align: center;\" width=\"189\"><span style=\"color: #000000;\">2018-2021<\/span><\/td>\n<td width=\"189\">\n<p style=\"text-align: center;\"><span style=\"color: #008000;\">En curso 1\u00b0, 2\u00b0 y 3\u00b0 a\u00f1o<\/span><\/p>\n<\/td>\n<\/tr>\n<\/tbody>\n<\/table>\n<table style=\"border-collapse: collapse; width: 798px; height: 121px;\" border=\"0\" width=\"240\" cellspacing=\"0\" cellpadding=\"0\">\n<colgroup>\n<col style=\"width: 60pt;\" span=\"3\" width=\"80\" \/> <\/colgroup>\n<tbody>\n<tr style=\"height: 15.0pt;\">\n<td class=\"xl63\" style=\"height: 15pt; width: 60pt; text-align: center;\" width=\"80\" height=\"20\"><span style=\"color: #000000;\"><strong>Tecnicatura Superior en Desarrollo de Software<\/strong><\/span><\/td>\n<td class=\"xl63\" style=\"border-left: none; width: 60pt; text-align: center;\" width=\"80\"><span style=\"color: #000000;\">2021<\/span><\/td>\n<td class=\"xl63\" style=\"border-left: none; width: 60pt; text-align: center;\" width=\"80\"><span style=\"color: #008000;\">En curso 2\u00b0 a\u00f1o<\/span><\/td>\n<\/tr>\n<\/tbody>\n<\/table>\n<p><strong>Formaci\u00f3n Docente<\/strong><\/p>\n<p>La formaci\u00f3n docente tiene la finalidad de preparar profesionales capaces de ense\u00f1ar, generar y transmitir los conocimientos y valores necesarios para la formaci\u00f3n integral de las personas, el desarrollo nacional y la construcci\u00f3n de una sociedad m\u00e1s justa. Promover\u00e1 la construcci\u00f3n de una identidad docente basada en la autonom\u00eda profesional, el v\u00ednculo con la cultura y la sociedad contempor\u00e1nea, el trabajo en equipo, el compromiso con la igualdad y la confianza en las posibilidades de aprendizaje de los\/as alumnos\/as. (Art. 71, Ley 26.206)<\/p>\n<table width=\"716\">\n<tbody>\n<tr>\n<td width=\"189\"><strong>CARRERAS<\/strong><\/td>\n<td width=\"189\"><strong>COHORTES<\/strong><\/td>\n<td width=\"189\"><strong>CICLO 2021<\/strong><\/td>\n<\/tr>\n<tr>\n<td width=\"189\"><strong>Profesorado de Educaci\u00f3n Primaria<\/strong><\/td>\n<td width=\"189\">2009-2024<\/td>\n<td width=\"189\">En curso 1\u00b0, 2\u00b0, 3\u00b0 y 4\u00b0 a\u00f1o<\/td>\n<\/tr>\n<tr>\n<td width=\"189\"><strong>Profesorado de Educaci\u00f3n Inicial<\/strong><\/td>\n<td width=\"189\">2008-2020<\/p>\n<p>2024<\/td>\n<td width=\"189\">En curso 1\u00b0 a\u00f1o<\/td>\n<\/tr>\n<tr>\n<td width=\"189\"><strong>Profesorado de Educaci\u00f3n Especial<\/strong><\/td>\n<td width=\"189\">2021-2023<\/td>\n<td width=\"189\">En curso 2\u00b0, 3\u00b0 y 4\u00b0 a\u00f1o<\/td>\n<\/tr>\n<\/tbody>\n<\/table>\n<p><strong>Dise\u00f1os Curriculares vigentes<\/strong><\/p>\n<ul>\n<li><a href=\"http:\/\/servicios.abc.gov.ar\/lainstitucion\/organismos\/consejogeneral\/disenioscurriculares\/documentosdescarga\/dcurricularsuperior.pdf\">PROFESORADO DE EDUCACI\u00d3N INICIAL (a partir de la p\u00e1gina 41)<\/a><\/li>\n<li><a href=\"http:\/\/servicios.abc.gov.ar\/lainstitucion\/organismos\/consejogeneral\/disenioscurriculares\/documentosdescarga\/dcurricularsuperior.pdf\">PROFESORADO DE EDUCACI\u00d3N PRIMARIA (a partir de la p\u00e1gina 91)<\/a><\/li>\n<li><a href=\"http:\/\/servicios.abc.gov.ar\/lainstitucion\/organismos\/consejogeneral\/disenioscurriculares\/documentosdescarga\/res1009-09_educ_especial.pdf\">PROFESORADO DE EDUCACI\u00d3N ESPECIAL<\/a><\/li>\n<\/ul>\n<p><strong>Formaci\u00f3n T\u00e9cnica<\/strong><\/p>\n<p>La Educaci\u00f3n T\u00e9cnico Profesional en el nivel medio y superior no universitario tiene como prop\u00f3sitos espec\u00edficos:<\/p>\n<p>a) Formar t\u00e9cnicos medios y t\u00e9cnicos superiores en \u00e1reas ocupacionales espec\u00edficas, cuya complejidad requiera la disposici\u00f3n de competencias profesionales que se desarrollan a trav\u00e9s de procesos sistem\u00e1ticos y prolongados de formaci\u00f3n para generar en las personas capacidades profesionales que son la base de esas competencias.<\/p>\n<p>b) Contribuir al desarrollo integral de los alumnos y las alumnas, y a proporcionarles condiciones para el crecimiento personal, laboral y comunitario, en el marco de una educaci\u00f3n t\u00e9cnico profesional continua y permanente.<\/p>\n<p>c) Desarrollar procesos sistem\u00e1ticos de formaci\u00f3n que articulen el estudio y el trabajo, la investigaci\u00f3n y la producci\u00f3n, la complementaci\u00f3n te\u00f3rico- pr\u00e1ctico en la formaci\u00f3n, la formaci\u00f3n ciudadana, la human\u00edstica general y la relacionada con campos profesionales espec\u00edficos.<\/p>\n<p>d) Desarrollar trayectorias de profesionalizaci\u00f3n que garanticen a los alumnos y alumnas el acceso a una base de capacidades profesionales y saberes que les permita su inserci\u00f3n en el mundo del trabajo, as\u00ed como continuar aprendiendo durante toda su vida.<\/p>\n<p>La formaci\u00f3n profesional tiene como prop\u00f3sitos espec\u00edficos preparar, actualizar y desarrollar las capacidades de las personas para el trabajo, cualquiera sea su situaci\u00f3n educativa inicial, a trav\u00e9s de procesos que aseguren la adquisici\u00f3n de conocimientos cient\u00edfico-tecnol\u00f3gicos y el dominio de las competencias b\u00e1sicas, profesionales y sociales requerido por una o varias ocupaciones definidas en un campo ocupacional amplio, con inserci\u00f3n en el \u00e1mbito econ\u00f3mico-productivo. (Arts. 7 y 8; Ley 26.058)<\/p>\n<table width=\"739\">\n<tbody>\n<tr>\n<td width=\"189\"><strong>CARRERAS<\/strong><\/td>\n<td width=\"189\"><strong>COHORTES<\/strong><\/td>\n<td width=\"189\"><strong>CICLO 2024<\/strong><\/td>\n<\/tr>\n<tr>\n<td width=\"189\"><strong>Tecnicatura Superior en Administraci\u00f3n General<\/strong><\/td>\n<td width=\"189\">2011-2023<\/td>\n<td width=\"189\">En curso 2\u00b0 y 3\u00b0 a\u00f1o<\/td>\n<\/tr>\n<tr>\n<td width=\"189\"><strong>Tecnicatura Superior en Enfermer\u00eda<\/strong><\/td>\n<td width=\"189\">2009-2024<\/td>\n<td width=\"189\">En curso 1\u00b0, 2\u00b0 y 3\u00b0 a\u00f1o<\/td>\n<\/tr>\n<tr>\n<td width=\"189\"><strong>Tecnicatura Superior en Acompa\u00f1amiento Terap\u00e9utico<\/strong><\/td>\n<td width=\"189\">2018-2024<\/td>\n<td width=\"189\">En curso 1\u00b0, 2\u00b0 y 3\u00b0 a\u00f1o<\/td>\n<\/tr>\n<\/tbody>\n<\/table>\n<table border=\"0\" width=\"240\" cellspacing=\"0\" cellpadding=\"0\">\n<colgroup>\n<col span=\"3\" width=\"80\" \/><\/colgroup>\n<tbody>\n<tr>\n<td class=\"xl63\" width=\"80\" height=\"20\"><strong>Tecnicatura Superior en Desarrollo de Software<\/strong><\/td>\n<td class=\"xl63\" width=\"80\">2024<\/td>\n<td class=\"xl63\" width=\"80\">En curso 1\u00b0 a\u00f1o<\/td>\n<\/tr>\n<\/tbody>\n<\/table>\n<table border=\"0\" width=\"240\" cellspacing=\"0\" cellpadding=\"0\">\n<colgroup>\n<col span=\"3\" width=\"80\" \/> <\/colgroup>\n<tbody>\n<tr>\n<td class=\"xl63\" width=\"80\" height=\"20\"><strong>Tecnicatura Superior en Administraci\u00f3n <\/strong><strong>de Pymes<\/strong><\/td>\n<td class=\"xl63\" width=\"80\">2024<\/td>\n<td class=\"xl63\" width=\"80\">En curso 1\u00b0 a\u00f1o<\/td>\n<\/tr>\n<\/tbody>\n<\/table>\n<p><strong>Dise\u00f1os Curriculares vigentes<\/strong><\/p>\n<ul>\n<li><a href=\"http:\/\/servicios.abc.gov.ar\/lainstitucion\/organismos\/consejogeneral\/tecnicatura\/res\/1221-15-acompaniamiento-terapeutico.pdf\">TECNICATURA SUPERIOR EN ACOMPA\u00d1AMIENTO TERAP\u00c9UTICO<\/a><\/li>\n<li><a href=\"http:\/\/servicios.abc.gov.ar\/lainstitucion\/organismos\/consejogeneral\/tecnicatura\/res\/administracion\/admgeneralres261_03.pdf\">TECNICATURA SUPERIOR EN ADMINISTRACI\u00d3N GENERAL\u00a0<\/a><\/li>\n<li><a href=\"https:\/\/isfdyt124-bue.infd.edu.ar\/sitio\/wp-content\/uploads\/2022\/06\/Resolucion-854-16-Enfermeria.pdf\">TECNICATURA SUPERIOR ENFERMER\u00cdA\u00a0<\/a><\/li>\n<li><a href=\"https:\/\/isfdyt124-bue.infd.edu.ar\/sitio\/wp-content\/uploads\/2020\/12\/DesarrolloSoftware-5847-19.pdf\">TECNICATURA SUPERIOR EN DESARROLLO DE SOFTWARE<\/a><\/li>\n<li><a href=\"https:\/\/isfdyt124-bue.infd.edu.ar\/sitio\/wp-content\/uploads\/2024\/04\/Diseno-Administracion-de-Pymes-IF-2023-48123151-GDEBA-DESFTDGCYE-2.pdf\">TECNICATURA SUPERIOR EN ADMINISTRACI\u00d3N DE PYMES<\/a><\/li>\n<\/ul>\n<p><strong><span style=\"font-size: 12pt; font-family: arial, helvetica, sans-serif;\">Dise\u00f1os Curriculares vigentes<\/span><\/strong><\/p>\n<ul>\n<li><span style=\"color: #800000;\"><a style=\"color: #800000;\" href=\"http:\/\/servicios.abc.gov.ar\/lainstitucion\/organismos\/consejogeneral\/tecnicatura\/res\/1221-15-acompaniamiento-terapeutico.pdf\">TECNICATURA SUPERIOR EN ACOMPA\u00d1AMIENTO TERAP\u00c9UTICO<\/a><\/span><\/li>\n<li><span style=\"color: #800000;\"><a style=\"color: #800000;\" href=\"http:\/\/servicios.abc.gov.ar\/lainstitucion\/organismos\/consejogeneral\/tecnicatura\/res\/administracion\/admgeneralres261_03.pdf\">TECNICATURA SUPERIOR EN ADMINISTRACI\u00d3N GENERAL\u00a0<\/a><\/span><\/li>\n<li><a href=\"https:\/\/isfdyt124-bue.infd.edu.ar\/sitio\/wp-content\/uploads\/2022\/06\/Resolucion-854-16-Enfermeria.pdf\"><span style=\"color: #800000;\">TECNICATURA SUPERIOR ENFERMER\u00cdA\u00a0<\/span><\/a><\/li>\n<li><span style=\"color: #800000;\"><a style=\"color: #800000;\" href=\"https:\/\/isfdyt124-bue.infd.edu.ar\/sitio\/wp-content\/uploads\/2020\/12\/DesarrolloSoftware-5847-19.pdf\">TECNICATURA SUPERIOR EN DESARROLLO DE SOFTWARE<\/a><\/span><\/li>\n<\/ul>\n","protected":false},"excerpt":{"rendered":"<p>Formaci\u00f3n Docente La formaci\u00f3n docente tiene la finalidad de preparar profesionales capaces de ense\u00f1ar, generar y transmitir los conocimientos y valores necesarios para la formaci\u00f3n integral de las personas, el desarrollo nacional y la construcci\u00f3n de una sociedad m\u00e1s justa. Promover\u00e1 la construcci\u00f3n de una identidad docente basada en la autonom\u00eda profesional, el v\u00ednculo con &#8230; <a title=\"Propuesta Acad\u00e9mica\" class=\"read-more\" href=\"https:\/\/isfdyt124-bue.infd.edu.ar\/sitio\/propuesta-academica\/\" aria-label=\"More on Propuesta Acad\u00e9mica\">[+]<\/a><\/p>\n","protected":false},"author":14,"featured_media":0,"parent":0,"menu_order":0,"comment_status":"closed","ping_status":"closed","template":"","meta":[],"acf":[],"_links":{"self":[{"href":"https:\/\/isfdyt124-bue.infd.edu.ar\/sitio\/wp-json\/wp\/v2\/pages\/760"}],"collection":[{"href":"https:\/\/isfdyt124-bue.infd.edu.ar\/sitio\/wp-json\/wp\/v2\/pages"}],"about":[{"href":"https:\/\/isfdyt124-bue.infd.edu.ar\/sitio\/wp-json\/wp\/v2\/types\/page"}],"author":[{"embeddable":true,"href":"https:\/\/isfdyt124-bue.infd.edu.ar\/sitio\/wp-json\/wp\/v2\/users\/14"}],"replies":[{"embeddable":true,"href":"https:\/\/isfdyt124-bue.infd.edu.ar\/sitio\/wp-json\/wp\/v2\/comments?post=760"}],"version-history":[{"count":14,"href":"https:\/\/isfdyt124-bue.infd.edu.ar\/sitio\/wp-json\/wp\/v2\/pages\/760\/revisions"}],"predecessor-version":[{"id":1613,"href":"https:\/\/isfdyt124-bue.infd.edu.ar\/sitio\/wp-json\/wp\/v2\/pages\/760\/revisions\/1613"}],"wp:attachment":[{"href":"https:\/\/isfdyt124-bue.infd.edu.ar\/sitio\/wp-json\/wp\/v2\/media?parent=760"}],"curies":[{"name":"wp","href":"https:\/\/api.w.org\/{rel}","templated":true}]}}